{"id":130,"date":"2023-08-31T17:27:32","date_gmt":"2023-08-31T15:27:32","guid":{"rendered":"https:\/\/vespuccilab.com\/?page_id=130"},"modified":"2024-05-30T16:02:45","modified_gmt":"2024-05-30T14:02:45","slug":"entreprise-a-mission","status":"publish","type":"page","link":"https:\/\/vespuccilab.com\/index.php\/entreprise-a-mission\/","title":{"rendered":"Entreprise \u00e0 Mission"},"content":{"rendered":"\t\t<div data-elementor-type=\"wp-page\" data-elementor-id=\"130\" class=\"elementor elementor-130\">\n\t\t\t\t\t\t<section class=\"elementor-section elementor-top-section elementor-element elementor-element-3b98e8c0 elementor-section-boxed elementor-section-height-default elementor-section-height-default\" data-id=\"3b98e8c0\" data-element_type=\"section\" data-settings=\"{&quot;background_background&quot;:&quot;classic&quot;}\">\n\t\t\t\t\t\t<div class=\"elementor-container elementor-column-gap-default\">\n\t\t\t\t\t<div class=\"elementor-column elementor-col-100 elementor-top-column elementor-element elementor-element-643946e\" data-id=\"643946e\" data-element_type=\"column\">\n\t\t\t<div class=\"elementor-widget-wrap elementor-element-populated\">\n\t\t\t\t\t\t<div class=\"elementor-element elementor-element-9bc499a elementor-widget elementor-widget-image\" data-id=\"9bc499a\" data-element_type=\"widget\" data-widget_type=\"image.default\">\n\t\t\t\t\t\t\t\t\t\t\t\t\t\t\t\t<a href=\"https:\/\/vespuccilab.com\/\">\n\t\t\t\t\t\t\t<img decoding=\"async\" src=\"https:\/\/vespuccilab.com\/wp-content\/uploads\/2023\/08\/VespucciLab_1ligne.png\" title=\"Vespucci lab d\u00e9carbonation moteurs de bateaux\" alt=\"Vespucci lab d\u00e9carbonation moteurs de bateaux\" loading=\"lazy\" \/>\t\t\t\t\t\t\t\t<\/a>\n\t\t\t\t\t\t\t\t\t\t\t\t\t\t\t<\/div>\n\t\t\t\t\t<\/div>\n\t\t<\/div>\n\t\t\t\t\t<\/div>\n\t\t<\/section>\n\t\t<div class=\"elementor-element elementor-element-25a80e6 e-con-full e-flex e-con e-parent\" data-id=\"25a80e6\" data-element_type=\"container\" data-settings=\"{&quot;background_background&quot;:&quot;classic&quot;}\">\n\t\t<div class=\"elementor-element elementor-element-5e6cc66 e-con-full e-flex e-con e-child\" data-id=\"5e6cc66\" data-element_type=\"container\">\n\t\t\t\t<div class=\"elementor-element elementor-element-8f5791e elementor-widget elementor-widget-heading\" data-id=\"8f5791e\" data-element_type=\"widget\" data-widget_type=\"heading.default\">\n\t\t\t\t\t<h1 class=\"elementor-heading-title elementor-size-default\">Entreprise \u00e0 mission<\/h1>\t\t\t\t<\/div>\n\t\t\t\t<\/div>\n\t\t\t\t<\/div>\n\t\t\t\t<section class=\"elementor-section elementor-top-section elementor-element elementor-element-c52729e elementor-section-boxed elementor-section-height-default elementor-section-height-default\" data-id=\"c52729e\" data-element_type=\"section\" data-settings=\"{&quot;background_background&quot;:&quot;classic&quot;}\">\n\t\t\t\t\t\t<div class=\"elementor-container elementor-column-gap-default\">\n\t\t\t\t\t<div class=\"elementor-column elementor-col-100 elementor-top-column elementor-element elementor-element-def6818\" data-id=\"def6818\" data-element_type=\"column\">\n\t\t\t<div class=\"elementor-widget-wrap elementor-element-populated\">\n\t\t\t\t\t\t<div class=\"elementor-element elementor-element-11c60d6 elementor-widget elementor-widget-text-editor\" data-id=\"11c60d6\" data-element_type=\"widget\" data-widget_type=\"text-editor.default\">\n\t\t\t\t\t\t\t\t\t<h2><strong>Notre raison d&#8217;\u00eatre<\/strong><\/h2><p>La raison d\u2019\u00eatre d\u2019Ethabox est de participer \u00e0 la d\u00e9carbonation du nautisme en d\u00e9veloppant des solutions de conversion de motorisations bas\u00e9es sur les carburants \u00e9cologiques (\u00e9thanol, diesel synth\u00e9tique, hydrog\u00e8ne, etc.) et les \u00e9nergies renouvelables.<br \/>Ainsi, la Soci\u00e9t\u00e9 entend g\u00e9n\u00e9rer un impact social, soci\u00e9tal et environnemental positif et significatif dans l\u2019exercice de ses activit\u00e9s.<\/p><h2><strong>Nos missions<\/strong><\/h2><ol><li><strong>Contribuer activement au d\u00e9veloppement et \u00e0 la distribution de solutions fiables et p\u00e9rennes permettant de d\u00e9carboner la mobilit\u00e9 dans le nautisme<\/strong><ul><li>En d\u00e9veloppant et distribuant des solutions viables et p\u00e9rennes de conversion \u00e9thanol adapt\u00e9s au monde du nautisme (bo\u00eetier marinis\u00e9 fiable et p\u00e9renne, protection anti-humidit\u00e9, salinit\u00e9, etc),<\/li><li>En facilitant le d\u00e9veloppement de la distribution des \u00e9nergies renouvelables et de l\u2019\u00e9thanol sur les principaux ports et lieux de navigation,<\/li><li>En facilitant le d\u00e9veloppement de la distribution des solutions pr\u00e9conis\u00e9es, via un r\u00e9seau de professionnels form\u00e9s, certifi\u00e9s et \u00e9valu\u00e9s autour des principaux ports et lieux de navigation,<\/li><li>En communiquant sur les b\u00e9n\u00e9fices de l\u2019\u00e9thanol et des \u00e9nergies renouvelables sur l\u2019environnement aupr\u00e8s des instances influentes et des organismes concern\u00e9s : organismes d\u2019\u00e9tat, associations portuaires, distributeurs, etc.<\/li><li>Mettre en \u0153uvre les outils de mesure et d\u2019\u00e9valuation de notre performance technique et commerciale et partager les r\u00e9sultats avec nos collaborateurs et interlocuteurs externes.<\/li><\/ul><\/li><li><strong>Instaurer des relations humaines respectueuses<\/strong><ul><li>Construire le futur avec nos \u00e9quipes en donnant \u00e0 chacun de nos collaborateurs le pouvoir d\u2019avoir un impact sur les d\u00e9cisions de l\u2019entreprise.<\/li><li>Partager notre raison d\u2019\u00eatre et notre mission avec nos collaborateurs, ainsi qu\u2019avec nos interlocuteurs externes (clients, fournisseurs et partenaires) afin de les impliquer dans notre projet<\/li><li>Mettre en \u0153uvre les outils de mesure et d\u2019\u00e9valuation de notre performance humaine et partager les r\u00e9sultats avec nos collaborateurs et interlocuteurs externes.<\/li><\/ul><\/li><\/ol>\t\t\t\t\t\t\t\t<\/div>\n\t\t\t\t\t<\/div>\n\t\t<\/div>\n\t\t\t\t\t<\/div>\n\t\t<\/section>\n\t\t<div class=\"elementor-element elementor-element-75237ae e-flex e-con-boxed e-con e-parent\" data-id=\"75237ae\" data-element_type=\"container\" data-settings=\"{&quot;background_background&quot;:&quot;classic&quot;}\">\n\t\t\t\t\t<div class=\"e-con-inner\">\n\t\t\t\t<div class=\"elementor-element elementor-element-364fe72 elementor-widget elementor-widget-text-editor\" data-id=\"364fe72\" data-element_type=\"widget\" data-widget_type=\"text-editor.default\">\n\t\t\t\t\t\t\t\t\t<p><a href=\"https:\/\/vespuccilab.com\/index.php\/entreprise-a-mission\/\">Vespucci Lab : Entreprise \u00e0 mission | <\/a><a href=\"https:\/\/vespuccilab.com\/index.php\/politique-de-confidentialite\/\">Politique de confidentialit\u00e9<\/a><\/p>\t\t\t\t\t\t\t\t<\/div>\n\t\t\t\t<div class=\"elementor-element elementor-element-c66226a elementor-widget elementor-widget-text-editor\" data-id=\"c66226a\" data-element_type=\"widget\" data-widget_type=\"text-editor.default\">\n\t\t\t\t\t\t\t\t\t<p>Vespucci Lab est enregistr\u00e9e au RCS Marseille B 922 358 924 &#8211; TVA Intra :\u00a0FR76922358924 &#8211; SIRET :\u00a092235892400012<br \/>T\u00e9l\u00e9phone :\u00a004 84 89 58 32<\/p>\t\t\t\t\t\t\t\t<\/div>\n\t\t\t\t\t<\/div>\n\t\t\t\t<\/div>\n\t\t\t\t<\/div>\n\t\t","protected":false},"excerpt":{"rendered":"<p>Entreprise \u00e0 mission Notre raison d&#8217;\u00eatre La raison d\u2019\u00eatre d\u2019Ethabox est de participer \u00e0 la d\u00e9carbonation du nautisme en d\u00e9veloppant des solutions de conversion de motorisations bas\u00e9es sur les carburants \u00e9cologiques (\u00e9thanol, diesel synth\u00e9tique, hydrog\u00e8ne, etc.) et les \u00e9nergies renouvelables.Ainsi, la Soci\u00e9t\u00e9 entend g\u00e9n\u00e9rer un impact social, soci\u00e9tal et environnemental positif et significatif dans l\u2019exercice [&hellip;]<\/p>\n","protected":false},"author":1,"featured_media":0,"parent":0,"menu_order":0,"comment_status":"closed","ping_status":"open","template":"","meta":{"footnotes":""},"class_list":["post-130","page","type-page","status-publish","hentry"],"_links":{"self":[{"href":"https:\/\/vespuccilab.com\/index.php\/wp-json\/wp\/v2\/pages\/130","targetHints":{"allow":["GET"]}}],"collection":[{"href":"https:\/\/vespuccilab.com\/index.php\/wp-json\/wp\/v2\/pages"}],"about":[{"href":"https:\/\/vespuccilab.com\/index.php\/wp-json\/wp\/v2\/types\/page"}],"author":[{"embeddable":true,"href":"https:\/\/vespuccilab.com\/index.php\/wp-json\/wp\/v2\/users\/1"}],"replies":[{"embeddable":true,"href":"https:\/\/vespuccilab.com\/index.php\/wp-json\/wp\/v2\/comments?post=130"}],"version-history":[{"count":68,"href":"https:\/\/vespuccilab.com\/index.php\/wp-json\/wp\/v2\/pages\/130\/revisions"}],"predecessor-version":[{"id":276,"href":"https:\/\/vespuccilab.com\/index.php\/wp-json\/wp\/v2\/pages\/130\/revisions\/276"}],"wp:attachment":[{"href":"https:\/\/vespuccilab.com\/index.php\/wp-json\/wp\/v2\/media?parent=130"}],"curies":[{"name":"wp","href":"https:\/\/api.w.org\/{rel}","templated":true}]}}